 is divided by 152.
3
Let l = -6 + 8. Suppose -279 = -x - l*x. Let n(q) = q**2 + 7*q + 16. Calculate the remainder when x is divided by n(-8).
21
Let j = 555 + -252. Let o = j - 112. Suppose -4*b = -3*y - o, -4*y - 74 = 4*b - 230. What is the remainder when b is divided by 12?
8
Suppose -3*u + 5*w = -94, -5*w - 106 = -2*u - 35. Calculate the remainder when 243 is divided by u.
13
Let c = 1953 - 1922. What is the remainder when c is divided by 14?
3
Calculate the remainder when 27 is divided by (4/(-3))/(8/(-36)) + -2.
3
Suppose -10*q = 120 - 140. Calculate the remainder when 2 is divided by q.
0
Suppose -15*q + 47*q - 13472 = 0. Calculate the remainder when q is divided by 61.
55
Let v(m) = -m**2 + m + 10. Let s be v(-5). Let w = -3 - s. Let l(d) = d**2 - 5*d. What is the remainder when l(-6) is divided by w?
15
Let r(i) be the second derivative of -i**5/20 + i**4/3 - i**3/6 - 5*i**2/2 - 3*i. Let d be r(4). Calculate the remainder when (6/5)/(d/(-210)) is divided by 15.
13
Suppose 45 = c + c - 5*j, 4*c - 120 = 4*j. Let u = -21 + c. What is the remainder when 41 is divided by u?
13
Suppose 4*b = s + 3, 0 = 3*s + s + 5*b + 12. Let l be -2*s/(-6)*-3. Suppose 82 = 4*f + l*v, -f - 5*v + 34 = f. What is the remainder when f is divided by 13?
9
Suppose 6*f - 2793 = -369. What is the remainder when f is divided by 102?
98
Let w = 12 + -7. Let f(r) = 2*r**2 - 3*r. Calculate the remainder when f(w) is divided by ((-62)/(-10) + -5)/(4/30).
8
Suppose 0 = -2*y - 0*y + 20. Suppose -1 = -n + c + 3, -2*n + 3*c + y = 0. Suppose n*d - 5 - 11 = 0. Calculate the remainder when d is divided by 6.
2
Suppose 0 = -8*q + 4*q + 64. Let s = q + -5. What is the remainder when 21 is divided by s?
10
Suppose 476 = 2*n - 3*u, -11*u - 466 = -2*n - 13*u. Calculate the remainder when n is divided by 58.
3
Suppose 7*o - 22 + 8 = 0. Suppose o*s + 420 = 14*s. What is the remainder when s is divided by 9?
8
Let v be ((-45)/(-10))/((-12)/(-16)). Let y(a) be the second derivative of -a**4/12 + 7*a**3/6 + 2*a. Calculate the remainder when 17 is divided by y(v).
5
Suppose -2*q - 4*r + 3*r + 172 = 0, 328 = 4*q - 2*r. What is the remainder when 417 is divided by q?
81
Let y = -1 + 16. Suppose 0*c - y = -3*c. Suppose c*m - 51 = d + 99, -m - 4*d = -51. Calculate the remainder when m is divided by 8.
7
Suppose 0 = 5*i - c - 251, 0 = 4*i - 2*c + 27 - 223. Suppose 0 = o - 5*o. Suppose 0 = -o*g + 2*g - 26. What is the remainder when i is divided by g?
12
Let p be 0*(2/(-4) - 0). Suppose -4*u + 407 = -3*i, 200 = 2*u + 2*i - p*i. Suppose -k + 22 + 4 = 0. Calculate the remainder when u is divided by k.
23
Suppose 4*a = -4*h + 432, 3*a - 543 = -5*h - a. Calculate the remainder when h is divided by 24.
15
Let m = 35 - 32. Suppose 37 = 4*w + 2*q - 43, -m*q = w - 30. What is the remainder when (0 - (-2 - 0))*35 is divided by w?
16
What is the remainder when 113 is divided by 285/(-228) + 34/8?
2
Suppose 21*k + 387 = 2*t + 26*k, 5*k = -t + 196. What is the remainder when t is divided by 101?
90
Let r = -14 + 52. Suppose -i - 5*x + 23 = 0, 4*i - 5*x - 4 = r. What is the remainder when 50 is divided by i?
11
Suppose 10 + 60 = 2*s. Suppose 2*f = -f + 27. Calculate the remainder when 4 + (-150)/s - (-184)/7 is divided by f.
8
Let b(p) = p**3 + 6*p**2 + 5*p + 4. Let c = -2 + 5. Calculate the remainder when b(-5) is divided by c.
1
Suppose 2*m + 78 - 194 = 0. What is the remainder when m is divided by 34?
24
Let t(w) be the first derivative of w**3/3 + 3*w - 5. What is the remainder when t(-6) is divided by 10?
9
Suppose m = 2, -h = 2*h - 4*m - 307. Suppose -5*z - j = -173, -5*z + 2*z = j - h. Let r = 376 - 364. What is the remainder when z is divided by r?
10
Suppose -15*d + 63 = -522. Calculate the remainder when 78 is divided by d.
0
Let t = 2 + -1. Let h(n) = 2*n**3 - 14*n**2 + 4*n - 25. Calculate the remainder when h(7) is divided by t.
0
Let y = -7711 + 7754. Suppose -p + 19 = 3. What is the remainder when y is divided by p?
11
Let d(s) = -s**3 - 8*s**2 - 2*s + 5. Let j be d(-8). Suppose j + 13 = 2*g. What is the remainder when 27 is divided by g?
10
Suppose 3 + 6 = 3*w. What is the remainder when 81 is divided by 1*(-1 - 2) - (-21 - w)?
18
Let m = 786 + -398. What is the remainder when m is divided by 26?
24
Let j(u) = -2*u**2 - 27*u - 36. What is the remainder when 69 is divided by j(-11)?
12
Let w(t) = t**2 + 76*t - 392. Suppose 2*m + q + 1 - 12 = 0, 3*q = 15. What is the remainder when w(5) is divided by m?
1
Calculate the remainder when 98 is divided by -1 + -6 + 30 - (1 + -3).
23
Suppose -538 = 12*a - 2326. Calculate the remainder when a is divided by 35.
9
Let w = -377 - -395. Let c(k) = -k**3 + 5*k**2 + 8*k. Let l be c(6). Suppose -3*d + 3 = -l. What is the remainder when w is divided by d?
3
Let l(k) = -2*k - 34. Let f be l(-15). Let t(j) = j**3 + 4*j**2 - j + 3. What is the remainder when 20 is divided by t(f)?
6
Let t(q) = 54*q + 229. What is the remainder when 22 is divided by t(-4)?
9
What is the remainder when 127 is divided by -44*7/(-28) + 4?
7
Calculate the remainder when 173 is divided by (-5 - (-5 - -3))/(3/(-58)).
57
Let j = 306 + -298. What is the remainder when 54 is divided by j?
6
Suppose -d = 1 - 4. Suppose d*b - b - 72 = 0. Let x = -749 - -768. Calculate the remainder when b is divided by x.
17
Suppose 5*b - b = 132. Suppose -17 = 2*v - 43. Calculate the remainder when b is divided by v.
7
Suppose 0 = 2*g + 4*o - 30, 0 = 3*g + 5*o - 29 - 16. Let x = g + 44. Calculate the remainder when x is divided by 15.
14
Suppose -2*f - 25 = -z - 3*f, -f = -4*z + 75. Let k be (-5)/(-30) + 4659/18. Suppose -2*r = 5*r - k. Calculate the remainder when r is divided by z.
17
Let l = -225 + 26. Let g = -92 - l. What is the remainder when g is divided by 55?
52
Suppose -54*s = -58*s + 44. Suppose s - 9 = w. Calculate the remainder when w is divided by 1.
0
Let x = 178 - 93. Calculate the remainder when x is divided by 22.
19
Let m be 192/15 + 1/5. Suppose m*i = 14*i - 18. Calculate the remainder when 89 is divided by i.
17
Let d(v) = 2*v + 15 + 10*v + 3*v**2 + 4*v + 0*v. Calculate the remainder when d(-6) is divided by 7.
6
Suppose 120 = -5*j + 25*j. What is the remainder when 422 is divided by j?
2
Suppose h - 38 = -2*l, 104 = 7*l - 3*l - 5*h. What is the remainder when l is divided by 16?
5
Suppose 4*r - r - 12 = 0. Suppose 2*n - 4*y = 34, -71 = -8*n + r*n + 5*y. Suppose 0 = 3*h - 17 - n. Calculate the remainder when 59 is divided by h.
11
Suppose 6*m + 169 = 19*m. Calculate the remainder when 122 is divided by m.
5
Suppose -3*v = 4*t - 362, 2*v - 234 = t - 0*t. Calculate the remainder when 943 is divided by v.
117
Let b(w) = -w**3 + 4*w**2 - 2. Let i be b(3). Let u be (-22)/2 + 3 + 8. Let y = u + i. What is the remainder when 24 is divided by y?
3
Let h be (-2)/(-12) - (-649)/66. Let o(m) = h - 10 + m. Calculate the remainder when 10 is divided by o(6).
4
Suppose -9*r + 15*r = 312. What is the remainder when r/(3 - 1) + (-3 - 0) is divided by 6?
5
Let p(x) = -5*x + 135. Let m be p(11). Let w = 10 - 6. Suppose 0 = -w*v - v + m. What is the remainder when 60 is divided by v?
12
Let q(a) = 2*a**2 + a - 33. Calculate the remainder when 296 is divided by q(-6).
32
Let z = 108 - 37. Let a = -63 + z. Calculate the remainder when 31 is divided by a.
7
Let d be (-1 - -40)/((-3)/(-6)). Suppose 0*a - d = -2*a. Let j = 92 + -78. What is the remainder when a is divided by j?
11
Suppose 8*z - 22 = 10*z. Let b = 24 + z. What is the remainder when 19 is divided by b?
6
Suppose -3*t - 131 - 61 = 0. Let p = t - -89. Suppose -26 = -3*h - 5. Calculate the remainder when p is divided by h.
4
Suppose -2 = -v + 4*y, v + 4*y = 5*v - 68. Let s(r) = -r**2 - 3*r + 42. Let j be s(-8). Let z = v + j. Calculate the remainder when 47 is divided by z.
23
Suppose 4*f + 2*b = 264, -4*f - b + 240 = -5*b. Suppose -38 - f = -2*u. What is the remainder when u is divided by 13?
12
Suppose -48 = -5*b - f, -4*b + 4*f = -18 - 6. Suppose -6*o - 48 = -b*o. What is the remainder when 45 is divided by o?
13
Let l(y) = -6*y**3 + 32*y**2 - 9*y + 18. What is the remainder when 569 is divided by l(5)?
17
Suppose -4*a - 72 = -3*r, -5*r = 2*a - 170 + 50. Suppose -44 = -4*u + r. Calculate the remainder when u is divided by (3 - 2) + 1 - -